when 34/4 + (-3)/(-6) is divided by d.
1
Suppose n - 3*n = -4. Suppose n*y - 31 = -k, y + 7*k - 3*k - 26 = 0. Let h = y + -4. What is the remainder when 19 is divided by h?
9
Let s(w) = -w + 23. Let j be (50/4)/((-1)/2). Let x = j - -49. What is the remainder when x is divided by s(10)?
11
Let z = 5 - -10. What is the remainder when 58 is divided by z?
13
Calculate the remainder when 39 is divided by 3/(((-2)/12)/(3/(-9))).
3
Calculate the remainder when 9*(0 + 35/15) is divided by 11.
10
Let b = 167 - 145. What is the remainder when 131 is divided by b?
21
Let a be -2*(14/(-4))/(-7). Calculate the remainder when 21 is divided by 12/(-6) - (-7 + a).
3
Suppose 2*p + n - 8 = 0, 2*p + n - 16 = -2*p. What is the remainder when 17 is divided by p?
1
Suppose l + 2 = -1. Let a(j) = j**2 - 2*j - 4. Calculate the remainder when 31 is divided by a(l).
9
Let a(f) be the third derivative of f**4/6 + 11*f**3/6 - 2*f**2. What is the remainder when a(8) is divided by 22?
21
Let m(n) = n + 2. Let v be m(-5). Let i = v - -4. Calculate the remainder when 4 is divided by i*-3 - (-6 - -1).
0
Suppose h - 3 - 5 = 0. Let l = h + 2. Let f(z) = -z**2 + 6*z + 4. Calculate the remainder when l is divided by f(6).
2
Let a = 23 + 12. What is the remainder when a is divided by 9?
8
Suppose -2*o = -5*z - 66 + 4, 174 = 5*o - 3*z. Suppose 2*g - 5*f = -o, -5*g - 156 = 2*f + 2*f. What is the remainder when (g/(-12))/((-1)/(-3)) is divided by 5?
2
Let q = -30 + 46. Calculate the remainder when 31 is divided by q.
15
Let s be (-2)/(1/(18/(-4))). Calculate the remainder when (1 - -35)*(s - 8) is divided by 19.
17
Suppose 32 = 7*f - 17. Suppose -6 = 3*i - 0*i. Calculate the remainder when 1/i*-34 - -2 is divided by f.
5
Let m = 1 + 8. Suppose -5*z - 244 = -m*z. What is the remainder when z is divided by 21?
19
Let f(s) = 3*s**2 - 27*s + 15. Calculate the remainder when 87 is divided by f(9).
12
Let r = -24 - -103. Let d(q) = -q**3 + 7*q**2 - 3*q + 2. What is the remainder when r is divided by d(6)?
19
Suppose g = 4*g - 12. What is the remainder when 15 is divided by g?
3
Suppose -4*s - 2 + 14 = 0. Let g(q) = q**2 + 2*q - 1. What is the remainder when g(1) is divided by 3 + 3/(s/(-2))?
0
Let p be ((-2)/(-4)*0)/1. Suppose p = -0*w + 2*w - 6. Suppose 4*n = -3*a - 2*a + 215, w*a = 2*n - 113. Calculate the remainder when n is divided by 19.
17
Suppose -3*j + 2*w + 2*w + 8 = 0, -10 = -j + 5*w. Let g(z) = -z**2 - z + 12. Let a be g(j). Calculate the remainder when ((-6)/a)/((-1)/58) is divided by 10.
9
Suppose 0 = 31*r - 34*r + 645. What is the remainder when r is divided by 31?
29
Let s(p) = -2*p**2 - p + 1. Let d be s(2). Let f = 20 + d. Let z = 1 + f. Calculate the remainder when 35 is divided by z.
11
Suppose 2*m - 12 + 88 = 0. What is the remainder when 36 is divided by m/(-4*(-2)/(-4))?
17
Suppose 0 = -5*v + v + 8. Let s(y) = 2*y**3 - 1. Calculate the remainder when v is divided by s(1).
0
Suppose q = 4*q - 27. Calculate the remainder when q is divided by (-4)/(-10) - (-46)/10.
4
Suppose -4*i + 8 = -2*i. Suppose -k + 2 = 0, i*h - k - 4*k = 34. Calculate the remainder when h is divided by 7.
4
Suppose -4*r = -4*i - 3*r + 140, 4*r - 18 = -i. What is the remainder when i is divided by 24?
10
Calculate the remainder when 37 is divided by (3/(-3))/(-1) - -12.
11
Let z = -389 + 694. Suppose 3*t + 44 = 2*c - 59, 0 = -5*c - 2*t + z. What is the remainder when c is divided by -4 - (0 + -3) - -16?
14
What is the remainder when 46 is divided by ((-72)/(-15))/((-5)/(-25))?
22
Suppose 0*z + z = 21. Let l(x) = -6*x - 18. What is the remainder when z is divided by l(-5)?
9
Let y(d) = d**3 + 7*d**2 - 8*d + 11. What is the remainder when 41 is divided by y(-8)?
8
What is the remainder when (-1 - 0)*-1 + 4 is divided by 2?
1
Let i(r) = -r + 1. Let z(m) = -5*m + 3 + 1 - 4 + 3. Let w(q) = -12*i(q) + 3*z(q). Calculate the remainder when 33 is divided by w(-4).
6
What is the remainder when (0 + 10)/(0 - -2) is divided by 2?
1
Let k = -8 + 35. Suppose -3*i = 5*c - 6*i - k, 2*c - 2*i = 14. Calculate the remainder when (-4 + -2)*(-2)/4 is divided by c.
0
Let o = 21 + -15. Let q = 45 + -29. What is the remainder when q is divided by o?
4
Let y(z) = 17*z. Calculate the remainder when 33 is divided by y(1).
16
Calculate the remainder when 14 is divided by (8/6)/(-7*5/(-105)).
2
Suppose 34 = -4*p - 2*q, -5*p - 3*q - 48 + 3 = 0. Let h = -3 - p. Calculate the remainder when 3 is divided by h.
0
Suppose -50*h + 47*h + 24 = 0. Let c be (-4)/(-2) - (0 - 4). Let l = c - -9. Calculate the remainder when l is divided by h.
7
Suppose 24 = 3*c - c + n, -12 = -c - 3*n. Calculate the remainder when 33 is divided by c.
9
Suppose b = 2*w - 13, 5*b = -0*w - 3*w + 26. Calculate the remainder when 36 is divided by w.
1
Let y = 29 + 13. What is the remainder when y is divided by 16?
10
Let w be 0/(-2 + 3) - 0. Suppose -i = -6 - w. What is the remainder when 23 is divided by i?
5
Let o(q) = -q + 9. Calculate the remainder when o(-4) is divided by 12.
1
Suppose -2*t + 96 = 2*t. Calculate the remainder when t is divided by 13.
11
Suppose 0 = 4*q + 5*h - 124, 0*h + 3*h - 12 = 0. Calculate the remainder when q is divided by 8.
2
Let b(k) = -3*k + 10. Let v be b(9). Let i = 24 + v. Let y = 13 - i. Calculate the remainder when 10 is divided by y.
4
Calculate the remainder when 82 is divided by 2/20 + (-219)/(-10).
16
Suppose -2*n + 0*n - 4*y = -16, -3*n - 3*y = -24. Calculate the remainder when 30 is divided by n.
6
Calculate the remainder when 18 is divided by 21/(-15)*(-10)/2.
4
Let b = -8 - -13. Let m = b + 1. Suppose m = -4*k - 3*l + 23, 3*l + 1 = 5*k. Calculate the remainder when k is divided by 2.
0
Let d = 3 + 2. Calculate the remainder when 9 is divided by d.
4
Let b = 4 - 4. Suppose -g = -2*c - 16, -4*g = -b*c + c - 46. Suppose 3*s = -5*r + 11, -5*r + 6 = 5*s - 19. Calculate the remainder when g is divided by s.
5
Let l = 162 + -104. Let r = -11 - -23. Calculate the remainder when l is divided by r.
10
Calculate the remainder when (12/30)/(3/195) is divided by 1/(1/((-9)/(-1))).
8
Suppose -c + 2 + 0 = 0. Suppose 19 = 2*q + 3*t, 41 = 4*q - c*t - 21. Calculate the remainder when 25 is divided by q.
11
Let v = 16 - 13. Suppose 0 = r + v*r - 104. What is the remainder when 49 is divided by r?
23
Let z be (-10)/2 - (5 + -8). Calculate the remainder when 14 is divided by 155/20 - z/8.
6
Suppose -r = 2*l + 1, 0*l = -5*l - 2*r. Suppose -4*t - 5*x = -0*x + 14, -3*t + 4*x - 26 = 0. Let f = t + 10. What is the remainder when f is divided by l?
0
Suppose -2*l + 5*v + 39 = 0, 45 = l + 4*l - 2*v. Let u = 1 - l. Calculate the remainder when ((-4)/u)/(9/162) is divided by 5.
2
Suppose -4*k + 23 = -17. Suppose 0*c - 5*c = k. What is the remainder when 10 is divided by 2/(-2 + (-5)/c)?
2
Let i = -14 - -23. Suppose 1 = 5*z - 9. Suppose -h = -z*h + 26. Calculate the remainder when h is divided by i.
8
Calculate the remainder when 2690/45 + (-6)/(-27) is divided by 21.
18
Let s = 1 - -16. What is the remainder when s is divided by 9?
8
Let n be (2/5)/(2/5). What is the remainder when 7 - n - (-3 - 1) is divided by 6?
4
Let g(q) = 20*q - 2. Let u(x) = x**2 + 5*x + 6. Suppose i + 7 = -0. Calculate the remainder when g(3) is divided by u(i).
18
Let j be (-2 + 1)/((-3)/108). Let r be 2*j*13/3. What is the remainder when r/9 - (-2)/(-3) is divided by 12?
10
Let m(r) = 2*r**2 - 10*r - 9. Calculate the remainder when m(6) is divided by 2.
1
Let z = 11 + -86. What is the remainder when 71 is divided by -1 + (-3)/(9/z)?
23
Let t be 6/8 + (-5)/(-4). Suppose -5*r - 165 = -2*q - t*q, -3*r = -4*q + 171. Calculate the remainder when q is divided by 12.
9
Let b(g) be the first derivative of g**3/3 + 4*g**2 - 5*g + 1. Let p be b(-9). Calculate the remainder when 2 is divided by (2/1)/(p - 2).
0
Let g(p) = p**3 - 5*p**2 + 6*p + 1. Calculate the remainder when 61 is divided by g(5).
30
Let m(a) = a + 9. Let t be m(-7). Suppose -4 = o + 2*f - 0*f, 3*o - 4 = t*f. Suppose o*c + 4 = 2*c. What is the remainder when 3 is divided by c?
1
Suppose -4*k = -6*k + 50. Let r(z) = -z**2 - 10*z. Suppose -5*o - 2*d = 37, 4*o = d - 53 + 13. What is the remainder when k is divided by r(o)?
7
Let w(t) = -3*t**3 + 3*t**2 + t - 13. Let r(l) = -2*l**3 + 2*l**2 + l - 7. Let a(v) = -